ed by 128.
89
What is the remainder when 12597 is divided by 1271?
1158
What is the remainder when 82679 is divided by 27536?
71
What is the remainder when 1622 is divided by 334?
286
Calculate the remainder when 14685 is divided by 2345.
615
What is the remainder when 3695 is divided by 886?
151
What is the remainder when 4679 is divided by 631?
262
Calculate the remainder when 9009 is divided by 170.
169
Calculate the remainder when 31775 is divided by 33.
29
Calculate the remainder when 6848 is divided by 253.
17
Calculate the remainder when 7016 is divided by 351.
347
What is the remainder when 231692 is divided by 50?
42
Calculate the remainder when 2864 is divided by 46.
12
Calculate the remainder when 82494 is divided by 25.
19
What is the remainder when 54898 is divided by 50?
48
What is the remainder when 1210793 is divided by 151349?
1
Calculate the remainder when 390322 is divided by 30.
22
Calculate the remainder when 55632 is divided by 18.
12
What is the remainder when 176877 is divided by 288?
45
Calculate the remainder when 99966 is divided by 99960.
6
Calculate the remainder when 805 is divided by 792.
13
What is the remainder when 206942 is divided by 778?
772
Calculate the remainder when 33503 is divided by 73.
69
Calculate the remainder when 389 is divided by 355.
34
Calculate the remainder when 121549 is divided by 221.
220
Calculate the remainder when 4804 is divided by 130.
124
Calculate the remainder when 9053315 is divided by 1093.
1089
Calculate the remainder when 546276 is divided by 395.
386
What is the remainder when 2483 is divided by 573?
191
What is the remainder when 10847 is divided by 222?
191
What is the remainder when 1892 is divided by 97?
49
What is the remainder when 16364 is divided by 13?
10
What is the remainder when 17654 is divided by 5878?
20
What is the remainder when 8197 is divided by 95?
27
What is the remainder when 2783 is divided by 92?
23
Calculate the remainder when 4857 is divided by 2100.
657
What is the remainder when 377232 is divided by 378?
366
Calculate the remainder when 24542 is divided by 118.
116
What is the remainder when 11698 is divided by 3887?
37
What is the remainder when 4784 is divided by 1561?
101
What is the remainder when 28129 is divided by 938?
927
What is the remainder when 17736 is divided by 2646?
1860
What is the remainder when 12299 is divided by 256?
11
Calculate the remainder when 7097 is divided by 66.
35
Calculate the remainder when 13506 is divided by 502.
454
Calculate the remainder when 78065 is divided by 5202.
35
Calculate the remainder when 34710 is divided by 227.
206
Calculate the remainder when 970138 is divided by 323377.
7
Calculate the remainder when 384472 is divided by 49.
18
Calculate the remainder when 4091 is divided by 2020.
51
Calculate the remainder when 28182 is divided by 94.
76
What is the remainder when 6873 is divided by 23?
19
Calculate the remainder when 281351 is divided by 76.
75
What is the remainder when 50092 is divided by 10003?
77
What is the remainder when 2876 is divided by 28?
20
What is the remainder when 5399 is divided by 18?
17
Calculate the remainder when 7356 is divided by 256.
188
Calculate the remainder when 89261 is divided by 261.
260
Calculate the remainder when 9519 is divided by 191.
160
What is the remainder when 5400 is divided by 58?
6
What is the remainder when 3535 is divided by 985?
580
Calculate the remainder when 66261 is divided by 705.
696
What is the remainder when 1265 is divided by 132?
77
What is the remainder when 1919 is divided by 539?
302
What is the remainder when 3324 is divided by 336?
300
What is the remainder when 1101 is divided by 338?
87
Calculate the remainder when 6153 is divided by 545.
158
What is the remainder when 1044422 is divided by 33691?
1
Calculate the remainder when 41572 is divided by 246.
244
Calculate the remainder when 20213 is divided by 133.
130
Calculate the remainder when 1912 is divided by 237.
16
Calculate the remainder when 1626 is divided by 156.
66
Calculate the remainder when 15508 is divided by 286.
64
Calculate the remainder when 385472 is divided by 546.
542
Calculate the remainder when 1372 is divided by 457.
1
Calculate the remainder when 4644 is divided by 51.
3
What is the remainder when 170128 is divided by 117?
10
Calculate the remainder when 1660 is divided by 237.
1
What is the remainder when 3869422 is divided by 2067?
2065
Calculate the remainder when 42737 is divided by 17.
16
What is the remainder when 319857 is divided by 92?
65
Calculate the remainder when 250846 is divided by 48.
46
What is the remainder when 21864 is divided by 951?
942
What is the remainder when 16881 is divided by 1515?
216
Calculate the remainder when 197152 is divided by 1914.
10
Calculate the remainder when 14103 is divided by 150.
3
What is the remainder when 36896 is divided by 12277?
65
Calculate the remainder when 8383 is divided by 289.
2
Calculate the remainder when 746 is divided by 81.
17
What is the remainder when 13750 is divided by 326?
58
Calculate the remainder when 25319 is divided by 42.
35
Calculate the remainder when 1087019 is divided by 132.
131
Calculate the remainder when 51204 is divided by 7311.
27
Calculate the remainder when 13928 is divided by 31.
9
What is the remainder when 189844 is divided by 21091?
25
Calculate the remainder when 4829 is divided by 55.
44
Calculate the remainder when 9663 is divided by 251.
125
Calculate the remainder when 6342 is divided by 2102.
36
Calculate the remainder when 1155 is divided by 3.
0
Calculate the remainder when 783171 is divided by 439.
434
What is the remainder when 11243 is divided by 163?
159
Calculate the remainder when 89251 is divided by 1940.
11
Calculate the remainder when 1189969 is divided by 977.
960
Calculate the remainder when 508252 is divided by 8.
4
What is the remainder when 2655 is divided by 49?
9
What is the remainder when 9735 is divided by 3243?
6
What is the remainder when 23587 is divided by 7800?
187
What is the remainder when 130592 is divided by 1029?
938
What is the remainder when 15146 is divided by 75?
71
Calculate the remainder when 2231417 is divided by 34.
31
What is the remainder when 17757 is divided by 48?
45
What is the remainder when 14840 is divided by 2948?
100
Calculate the remainder when 61710 is divided by 13.
12
What is the remainder when 5921 is divided by 1918?
167
What is the remainder when 222845 is divided by 74276?
17
Calculate the remainder when 8391 is divided by 350.
341
Calculate the remainder when 17713 is divided by 67.
25
What is the remainder when 7174 is divided by 3578?
18
What is the remainder when 45578 is divided by 142?
138
Calculate the remainder when 145157 is divided by 13195.
12
Calculate the remainder when 8357 is divided by 491.
10
What is the remainder when 61518 is divided by 19?
15
What is the remainder when 198 is divided by 158?
40
Calculate the remainder when 136954 is divided by 404.
402
Calculate the remainder when 13909 is divided by 17.
3
Calculate the remainder when 19827 is divided by 661.
658
What is the remainder when 4406 is divided by 231?
17
Calculate the remainder when 684 is divided by 628.
56
What is the remainder when 2955 is divided by 7?
1
Calculate the remainder when 137705 is divided by 6884.
25
Calculate the remainder when 1303273 is divided by 353.
350
Calculate the remainder when 34055 is divided by 1175.
1155
What is the remainder when 7361 is divided by 97?
86
Calculate the remainder when 32501 is divided by 637.
14
What is the remainder when 4836 is divided by 2401?
34
Calculate the remainder when 716376 is divided by 28.
24
Calculate the remainder when 105312 is divided by 11.
9
Calculate the remainder when 21716 is divided by 13.
6
What is the remainder when 6454 is divided by 1585?
114
Calculate the remainder when 20155 is divided by 544.
27
Calculate the remainder when 81982 is divided by 27322.
16
Calculate the remainder when 770 is divided by 154.
0
Calculate the remainder when 46559 is divided by 160.
159
What is the remainder when 84666 is divided by 122?
120
What is the remainder when 633 is divided by 420?
213
What is the remainder when 604 is divided by 115?
29
Calculate the remainder